first derivative of -d**3/3 - 3*d**2 + 35*d - 15. Let o be u(4). Let m(k) = -k - 6. What is m(o)?
-1
Let s(y) be the second derivative of y**5/20 - 2*y**4/3 + 5*y**3/3 - 17*y**2/2 + 29*y. Let h be s(7). Let x(j) = j**2 + 7*j - 3*j + j - h. Calculate x(-6).
2
Let l(t) = -4*t**2 - 4*t**2 + 3*t**2 - 6*t + t**2 - t**3 + 10242 - 10241. Determine l(-3).
10
Suppose 189*t + 1675 = 6022. Let m(i) = -i + 11. What is m(t)?
-12
Let b(p) be the first derivative of 9*p**2/2 - 39*p - 312. What is b(7)?
24
Let d(g) = -g + 10. Let m be d(6). Let l(s) = -5*s**3 + 5*s**2 - 142*s + 9. Let u(x) = 6*x**3 - 5*x**2 + 177*x - 10. Let h(q) = 5*l(q) + 4*u(q). Calculate h(m).
13
Let i(f) be the third derivative of -f**5/120 - f**4/3 - 33*f**3 + 3*f**2 - 21*f. Let c(j) be the first derivative of i(j). Calculate c(8).
-16
Let t(z) = 3*z**2 - 3*z + 1. Suppose -q = -b - 175, 177 = -b + 5*q - 10. Let p = b - -173. Calculate t(p).
1
Suppose 14*b + 142*b - 1430 + 182 = 0. Let l(s) = -s**2 + 13*s - 16. Calculate l(b).
24
Let w(g) = g**3 - 43*g**2 + 115*g + 191. Let x be w(40). Let l(s) = s**3 + 6*s**2 - 30*s - 20. Calculate l(x).
7
Let w(o) = -5*o - 7. Let i(a) = 3*a + 6*a + 41*a**3 - 42*a**3 - 13. Let z be i(2). Determine w(z).
8
Let o(a) = -127*a + 272. Let b(v) = -178*v + 408. Let h(j) = -5*b(j) + 7*o(j). What is h(0)?
-136
Let i(l) = 16*l**3 + 13*l**2 + 53*l + 35. Let z(f) = -7*f**3 - 7*f**2 - 25*f - 16. Let r(x) = -4*i(x) - 9*z(x). Give r(12).
16
Let w(j) = 3*j - 3. Suppose 0 = -20*x + 33*x - 39. Suppose -4*n = -3*i, 11 = -x*n + 6*i - i. Determine w(n).
6
Let o(l) be the first derivative of l**5/30 + 5*l**4/24 + l**3/2 - l**2 + 20*l - 57. Let q(r) be the second derivative of o(r). Determine q(-3).
6
Let a(w) be the second derivative of 0 - 1/20*w**5 + w**3 + 1/3*w**4 + w**2 + 25*w. Let i(s) = s**2 + s. Let y(u) = -a(u) - 2*i(u). Calculate y(7).
-9
Suppose 2*v - 12 = 3*y - v, y - 5*v + 20 = 0. Let d(l) = y*l + l - l + l. Let g be -2 + 0*5/75. Determine d(g).
-2
Let r = 64 + -48. Let f = 19 - r. Let y(k) = 159*k**2 - 326*k**2 - 6*k + 165*k**2 - f. Determine y(-4).
-11
Suppose 25 = 3*v + 2*j - 6*j, -v = 5*j - 2. Let n(d) = 2 - 4*d - v*d + 3*d - 3 + 3. Calculate n(1).
-6
Let d be (6*-4)/(15/(-10)). Suppose 4*j = 4*w + d, 13*j - 9*j - 16 = -5*w. Let y(x) = -x**2 + 18. What is y(w)?
18
Suppose -h + 7 + 40 = -4*o, -2*o + 8 = 0. Let t = h + -57. Let k be ((-2)/t)/(1 - 26/24). Let g(p) = 3*p. What is g(k)?
12
Let z(b) be the third derivative of b**4/24 + 3*b**3/2 + b**2. Let y(n) = -2*n - 8. Let a(g) = 2*y(g) + 3*z(g). Let m = 172 - 172. What is a(m)?
11
Let h(g) = -g**3 - 15*g**2 + 15*g - 13. Suppose -10 = -4*d + 22. Suppose -d*t = 55 + 73. Determine h(t).
3
Let x(i) = 29*i**2 + 8*i - 10. Let j(n) = 23*n**2 + 7*n - 8. Let m(k) = -6*j(k) + 5*x(k). Calculate m(-3).
67
Let o(p) = 4*p**2 - 46*p + 14. Let w(s) = 2*s**3 + 6*s**2 - 13*s - 9. Let x be w(-4). Determine o(x).
-8
Let p(k) = k**3 - 405 + 206 + 100*k**2 + 3*k + 199 - 99*k**2. Calculate p(-3).
-27
Let h(x) = -x**2 - 6*x + 10. Suppose -11*t + 336 = 3*t. Suppose 0 = 12*d + 48 + t. Calculate h(d).
10
Let y(i) = i**2 + 6*i - 5. Let u = -12 - -11. Let x be (2/(-1) - -7) + 11/u. What is y(x)?
-5
Let t = 3 + -2. Let a(y) = -y**3 + 16*y**2 - 13*y - 27. Let i be a(15). Let n(o) = o**3 - 1 - o**2 + 5*o**i - 5*o**3. Determine n(t).
-1
Let m be 2*(-1 + (-117)/(-18)). Let s(p) = p**2 - 14*p + 38. Give s(m).
5
Suppose 3*b - j = -b, 0 = -b - 5*j + 21. Suppose 0 = 9*d - 312 + 249. Let s(r) = 2 + 2*r + d - 28 + 10 + 8. Determine s(b).
1
Let k(n) be the second derivative of 7*n**5/4 - n**3/3 + n**2/2 - 543*n. Calculate k(1).
34
Let q(v) = v**3 + 29*v**2 + 16*v + 8. Let b(d) = d**3 + 25*d**2 + 16*d + 7. Let r(h) = 6*b(h) - 5*q(h). Calculate r(-3).
-28
Let y(k) be the first derivative of -k**3/3 - k**2/2 + 13*k + 2044. Calculate y(-4).
1
Let m(b) be the first derivative of -b**4/4 + 16*b**3/3 - 8*b**2 - 30*b + 194. Determine m(15).
-45
Let f(y) = y**2 + 28*y + 53. Suppose 0 = -12*b - 323 + 35. What is f(b)?
-43
Suppose 0*u = 3*u - 9. Suppose u*a = a - 5*j + 824, -4*a + 1626 = -j. Let t(y) = 6 - 409*y + a*y + 0. What is t(4)?
-2
Let h(p) = 11*p - 14601 + 29239 - 14570. Give h(-7).
-9
Suppose -9*r = 5 - 5. Suppose -2*q - 4*b = -r*b + 16, -3*b - 5 = -2*q. Let f be (1 + q - -3) + -1. Let o(v) = 7*v - 1. Determine o(f).
6
Let m(x) = -x**2 - 16*x - 725. Let b(d) = -4*d - 162. Let j(h) = -9*b(h) + 2*m(h). Suppose u - 6*u + 30 = 0. Calculate j(u).
-40
Suppose -13*y = -49*y - 14*y + 50. Let l(s) = -69*s**3 + 2*s**2 - 2*s + 1. Calculate l(y).
-68
Let u(g) = -3*g + 5. Let q be (-4 + -21)*(-36)/45. Suppose 6*y = 8*y - n - 8, 5*n + q = 0. Give u(y).
-1
Let d(l) = 2*l + 1. Let g be d(-4). Let w(a) be the second derivative of a**5/20 + 7*a**4/12 + a**3/6 + 3*a**2/2 + 6*a - 663. Calculate w(g).
-4
Let z(h) = -h**3 - 5*h**2 - 18*h - 51. Let y be z(-4). Let i(d) = d**3 - 8*d**2 + 20*d - 19. Determine i(y).
6
Let k(o) = -o**3 - 4*o**2 + 8*o - 3. Let d be k(1). Let s(x) = x**3 + x**2 + x + 26. Give s(d).
26
Let j(b) = -9071*b**3 + 18134*b**3 - 31*b**2 - 30*b - 68 - 9062*b**3. Determine j(32).
-4
Let y(g) = 120*g + 9. Let n(b) = 143*b + 11. Let u(a) = -5*n(a) + 6*y(a). Let j(z) = z**3 - z**2 - 2*z + 3. Let p be j(3). Let k = p - 13. What is u(k)?
9
Let t(r) = r**2 + 7*r - 9. Let a(y) = 4*y**2 + 21*y - 27. Let f(x) = -2*a(x) + 7*t(x). Suppose 2*h - 8 = 5*s, -3*h + 3*s - 8 = -5*h. Calculate f(h).
3
Let t(u) be the third derivative of -u**6/120 - u**5/20 + u**4/24 - u**2 + 83. Let m be 0/8 - 2*2. Give t(m).
12
Let w(l) = -l**2 + 46*l + 1315. Let i be w(-20). Let u(x) = -x**2 - 9*x - 13. Give u(i).
7
Let l(g) = g**2 + 8*g - 1. Let f(a) = 2. Let w(t) = -t**2 - 21*t - 61. Let s(m) = -2*f(m) - w(m). Let i be s(-17). Calculate l(i).
32
Let p be (-16)/(-42)*(-364)/(-104)*21. Let y(a) = -2*a. Let q be y(-1). Let l(j) = -7*j - 10 - j**q + p - 14. Determine l(-6).
10
Let r(s) = 5547 + 5593 - 11102 + 2*s. Calculate r(-25).
-12
Let w(g) = g**2 + 2. Let v(q) = -3*q**2 + 31*q + 71. Let u be v(12). Suppose -u = -14*b + 73. What is w(b)?
38
Let g(a) be the first derivative of -a**4/4 + 7*a**3 - a**2/2 + 39*a - 3336. What is g(21)?
18
Suppose -3*j - 3*y + 6 = 0, -4*j + y = -40 + 7. Let r(d) = -8*d + 47. What is r(j)?
-9
Let i(z) = z**2 + 4*z - 4. Let s(k) = 79*k - 714. Let h be s(9). What is i(h)?
-7
Suppose 3*g + 116 = -4. Let n be -9*(g/(-12) + -4). Let l(f) = -n*f - f**2 + 13 + 10 - 21. Calculate l(-6).
2
Let u(n) = -14*n - 158. Let i = -5729 - -5718. What is u(i)?
-4
Let a(i) = -63*i + 65*i - 103 + 99. Determine a(-1).
-6
Let k = 5430 - 5433. Let j(z) = 5 + 0 - 2 - 5 - 9*z. Give j(k).
25
Let f(t) be the third derivative of -t**6/120 + t**5/30 + t**4/24 - t**3/6 - 20*t**2. Let x(r) = r**3 - 15*r**2 - 2. Let p be x(15). What is f(p)?
13
Let w = 53 + -62. Let b(q) = 3*q**2 + 30*q + 22. Give b(w).
-5
Let p(k) be the first derivative of 19/3*k**3 - 9*k**2 + 39 + 15*k - 1/4*k**4. Calculate p(18).
15
Let p(f) = -4*f**3 + 9*f**2 + f - 81. Let k(l) = 6*l**3 - 14*l**2 - 2*l + 113. Let m(n) = 5*k(n) + 7*p(n). Determine m(4).
2
Let f = 7 - -4. Let s(l) be the first derivative of -l**2 - 3*l + 11240. Give s(f).
-25
Let a(y) = 6*y**2 - 1. Let c(u) be the second derivative of 0 - 1/12*u**4 - u + 7/3*u**3 - 25/2*u**2. Let h be c(12). Determine a(h).
5
Let m(s) = -s**3 - s**2 - s - 2. Let y(v) = 2*v**3 - 5*v**2 + 2*v - 3. Let f(b) = -m(b) - y(b). Let j be (75/(-45))/(15/(-54)). Determine f(j).
-1
Let j(k) = -k**3 + 2*k**2 - 1. Let g be j(-1). Let r = 3 - 1. Suppose i = 5*f - 5 - 5, r*f = g. Let q(v) = v + 2. Determine q(i).
-3
Let z(q) be the third derivative of q**5/60 - q**3/2 + 76*q**2. Let x = 6 - 6. What is z(x)?
-3
Let z(k) be the second derivative of k**4/4 - 17*k**3/3 - 29*k**2/2 + 2557*k. Give z(12).
-5
Let w(j) = -6*j. Let n be 667/69 + (-2)/3. What is w(n)?
-54
Let p(t) be the second derivative of 23*t**3/6 + 40*t**2 + 14*t. Let v be p(-6). Let r = 59 + v. Let x(w) = 2*w - 1. Calculate x(r).
1
Let m(x) = 26*x + 104. Suppose -5*d = -5*g + 35, 393 - 389 = -4*d - 4*g. Give m(d).
0
Let i(z) = -2*z**2 + 2*z - 3. Let t = 1580 + -1587. Let c(d) be the first derivative of d**4/4 + 2*d**3 - 4*d**2 - 5*d - 1. Let u be c(t). What is i(u)?
-7
Let w(y) be the third derivative of 7*y**4/24 - 3*y**3